-5)?
2, 3, 13
What are the prime factors of (1/(-2))/((-2817)/(-1410) + -2)?
5, 47
Suppose -5*j + 3*j = 4. Let m(c) = 5*c**2 + c - 1. What are the prime factors of m(j)?
17
Let r(u) = -u + 8. Let x be r(11). List the prime factors of x + 2 + (-8)/(-1).
7
Suppose -12 = 4*m + 12. What are the prime factors of (m + 0)*(-10)/15?
2
Suppose 2*k - k = -4. Let x = k - -7. What are the prime factors of x?
3
Let u = -19 - -21. Suppose -h + j = 3*j + 4, 4*h + 3*j = -6. List the prime factors of h + u + (-10)/(-1).
2, 3
Let r be 8 - 0*3/6. List the prime factors of 35/4 - (-2)/r.
3
What are the prime factors of 133 - (10 + -4 - 5)?
2, 3, 11
Suppose 57 = 5*r - 4*h - 113, r - 3*h - 34 = 0. List the prime factors of r.
2, 17
Let m(b) be the third derivative of -1/3*b**3 + 0*b - 2*b**2 + 0 - 3/8*b**4. What are the prime factors of m(-2)?
2
Suppose 2*t - 3 = t. Suppose 2*m = -t*m + w + 8, -5*m + 16 = 3*w. Suppose -21 = g - m*g. What are the prime factors of g?
3, 7
Let o be (-2)/(-8)*2*-2. Let j(u) = 12*u**2 + u + 1. List the prime factors of j(o).
2, 3
List the prime factors of 132/20 + (-3)/5.
2, 3
Let k(z) = z - 5. Let n be (-12)/(1/(4/(-6))). What are the prime factors of k(n)?
3
Let b(k) = k**2 + 2*k - 3. What are the prime factors of b(6)?
3, 5
Let h(u) = -3*u**3 - 2*u**3 - 2*u + 4*u**3 + u. Let t be h(0). Suppose t*m + 36 = 3*m. What are the prime factors of m?
2, 3
Let n(h) = h**2 - 3*h - 1. Let p be n(3). What are the prime factors of ((-2)/p)/(2/17)?
17
Let y be (-2 - -1) + 1 - -145. Suppose -3*o + 310 = 5*t, 3*o + y = 2*t - 0*o. Suppose 4*b + t = 9*b. List the prime factors of b.
13
Let j(z) = 5*z - 3. Let i be (-2)/(3/((-84)/8)). What are the prime factors of j(i)?
2
Let v = 10 - 23. Let l = 21 + v. What are the prime factors of l?
2
Suppose 37 + 15 = 4*p. What are the prime factors of p?
13
Let p be (-3)/(-6) - (-2)/4. Let m(c) = 50*c - 1. Let y be m(p). Let w = y + -31. List the prime factors of w.
2, 3
List the prime factors of 2*(-4)/12 + 428/3.
2, 71
Suppose -2*h = 7*h - 45. Let n(j) = -j**3 - j**2 - j + 53. Let r be n(0). Suppose -3*x + r = 4*s, -h*s - x = -33 - 25. List the prime factors of s.
11
Suppose -2*q = 3*q - 10. Let m be 8/(-6)*(-3)/q. Suppose r = -m + 5. List the prime factors of r.
3
Suppose 8*h - 1603 = 173. List the prime factors of h.
2, 3, 37
Let l be 4 + -7 - 2*-3. Suppose -s - l*s = -44. List the prime factors of s.
11
Let d = 0 + -5. Let o = d + 7. Suppose u + 3*n = -12 + 2, -o*n = 4*u - 10. What are the prime factors of u?
5
Suppose -5*c + 3*n = 7*n + 10, 0 = 2*c - 3*n + 4. Let v(y) = 4*y - 7 - 2*y + 4 - 6*y. List the prime factors of v(c).
5
Let k(q) = -q**2 - 18*q - 19. List the prime factors of k(-11).
2, 29
Let n(w) = w**3 + 9*w**2 - 5*w + 11. List the prime factors of n(-9).
2, 7
What are the prime factors of 14/(-6)*72/(-4)?
2, 3, 7
Suppose 4*v - 31 = 73. What are the prime factors of v?
2, 13
Suppose 5*z = 3*f - 27, 0 = -z + 5*z - f + 16. What are the prime factors of (-4)/6 - 38/z?
2, 3
Let p(w) = w + 7. Suppose 0*z + 25 = 5*z. List the prime factors of p(z).
2, 3
Let y be (-1 - 13)/(2 - 3). Let i = -7 - -1. Let n = i + y. List the prime factors of n.
2
Suppose 0*r = 6*r - 42. What are the prime factors of r?
7
List the prime factors of 892/4 - (-3 - -3 - 4).
227
Suppose -r - 5*h = 2*r - 12, 0 = -2*r - 2*h + 8. Suppose -4*f + 36 = 2*w, r*w + 3*f - 52 = -f. List the prime factors of w.
2
Suppose 93 = g - 4*p - 234, -2*p = -3*g + 981. List the prime factors of g.
3, 109
Let q = -3 + 8. Suppose 2*n - 23 + 17 = 0. Suppose -n*y + 7*y - 4*a = 52, q*a + 5 = 0. What are the prime factors of y?
2, 3
Suppose -4*m = 5*u - 434, -2*m + 1 = 9. List the prime factors of u.
2, 3, 5
List the prime factors of (-2)/9 + ((-3550)/(-18) - 1).
2, 7
List the prime factors of 14 + (-1)/(0 + 1).
13
Let i(a) = 3*a**2 - 8*a - 38. What are the prime factors of i(-9)?
277
Let n = 0 - -2. Suppose 18 = 2*w + 2*x, n*w = 4*w - 4*x - 30. List the prime factors of w.
11
Suppose 2*z + 0 - 6 = 0. Suppose -30 = -z*f - 3*u, u + 32 = 2*f + 6. Suppose 5*w + 10 = 0, f - 52 = -5*n - 5*w. What are the prime factors of n?
2, 5
Let b = -53 - -59. List the prime factors of b.
2, 3
List the prime factors of 182/5*(-6 + 11).
2, 7, 13
Suppose -i - 12 = -5*i. Let w(d) = -5*d + 3. Let j be w(i). Let f = j - -18. What are the prime factors of f?
2, 3
Let u be 1/(-6)*2*-18. Let w = -2 + u. Suppose j + 31 = w*j - 4*k, k + 80 = 5*j. What are the prime factors of j?
17
Let o = -14 + 13. What are the prime factors of (-3)/(-6)*(-6)/o?
3
Suppose a = -3*i + 73, 5*i + 118 = a + 21. List the prime factors of a.
2, 41
Let t(r) = -6*r**3 - r**2 - 2*r - 3. What are the prime factors of t(-2)?
3, 5
List the prime factors of 2/6*(85 - 4 - 0).
3
Let y = -10 + 14. Suppose 9 = y*c - 3*c. List the prime factors of c.
3
Let a(p) = -6*p**2 + p. Let f be a(1). Let y = f - -25. List the prime factors of y.
2, 5
What are the prime factors of (-1125)/(-7) + -1 + 62/217?
2, 5
Let j(q) = -59*q**3 - q**2 + 1. Let r be j(-1). Suppose -4*s - 4*x - r = -7*s, 2*x + 92 = 4*s. What are the prime factors of s?
5
Let c = -17 + 30. List the prime factors of c.
13
Let u = 100 - 9. What are the prime factors of u?
7, 13
Let p(o) = 2*o**2 + 3*o - 2. Let h be p(-3). Suppose h*k = 3*k + 56. List the prime factors of k.
2, 7
Let b = 31 + 27. Suppose -b = -5*g - j, -2*g + 6 + 7 = -3*j. List the prime factors of g.
11
List the prime factors of ((-56)/90 + (-14)/(-63))*-445.
2, 89
Let r(v) = v**2 + 3. List the prime factors of r(4).
19
Let c(f) = -4*f**3 + 2*f**2 - 7*f - 4. Let i(d) = -d**3 - d**2 - d. Let a(j) = -c(j) + 3*i(j). What are the prime factors of a(5)?
2, 3
List the prime factors of (3 - 6)*34/(-6).
17
Suppose 5*f - 5*k = 185, -3*k = 5*f - 0*f - 185. What are the prime factors of f?
37
Let v(d) = 32*d + 13. List the prime factors of v(9).
7, 43
What are the prime factors of (-7)/(21/(-30)) - 1?
3
Let c = -17 - -121. List the prime factors of c.
2, 13
Suppose -d = d. Suppose 4*a + 2*c - 2 - 10 = d, 0 = 4*a - 3*c - 22. Suppose -16 = -a*u + 20. List the prime factors of u.
3
Suppose 20 = 3*w + 74. Let m = -34 + 65. Let l = w + m. What are the prime factors of l?
13
Let h = 6 - 6. Suppose -4*y - 4*l + 88 = h, 13 + 3 = y - l. What are the prime factors of y?
19
Suppose -22 + 270 = 5*s - 2*r, -5*s + 236 = r. List the prime factors of s.
2, 3
List the prime factors of 436/6 + 11/33.
73
Suppose -13 = -0*n - n. List the prime factors of n.
13
Let w be (4/(-3))/(6/18). Let r = -2 - w. Suppose -r*g - 2*l + 10 = -8, 2*g - 3*l - 3 = 0. What are the prime factors of g?
2, 3
Let b = 6 - -25. Let y = -1 + b. List the prime factors of y.
2, 3, 5
Let p = 282 + -182. Suppose -4*u - 4*a = -p, 11 = -3*u - 4*a + 89. List the prime factors of u.
2, 11
Suppose 5*f - 3*f - 10 = 0. What are the prime factors of f?
5
Let g(h) = h - 1. Let l be g(3). What are the prime factors of 9 - -2 - (l - -1)?
2
Let c be (-24)/(-40) - (-84)/10. Suppose 2*m = 5*f + 83, -2*m - f = -56 - c. What are the prime factors of m?
2, 17
Suppose -v - 1177 = -5*u, -2*u + 4*u - 3*v - 463 = 0. What are the prime factors of u?
2, 59
Suppose 3*c - 4*c + 2 = 0. Suppose -5*x + 89 = -c*u, 63 + 18 = 5*x + 2*u. What are the prime factors of x?
17
Let i(f) = -3*f**2 + f + 1. Let d be i(-1). Let a(h) = -6*h - 2. List the prime factors of a(d).
2
List the prime factors of 34/(((-35)/10)/(-7)).
2, 17
Let n(s) = 10*s**2 - 5*s - s**3 + 8 + 0 - 6*s. Let v be n(9). List the prime factors of (-44)/v + 6/10.
5
Let j(a) = a**2 + 3*a - 3. List the prime factors of j(-5).
7
Let d = 199 + -19. List the prime factors of d.
2, 3, 5
Let k be (2/(-3))/((-3)/18). Suppose -k*j - 61 = -3*a, -29 = -3*a - 0*j - 4*j. List the prime factors of a.
3, 5
Suppose 4*o + 3*v - 4*v = 45, 0 = 3*o + 2*v - 20. Suppose -5*g + 3*i = -o, -3*i = -g + 6*g - 10. Suppose 3 - 27 = -g*m. What are the prime factors of m?
2, 3
Let v = 112 - 77. What are the prime factors of v?
5, 7
Let j = 10 + -7. Suppose -j*m + 32 = 8. What are the prime factors of m?
2
Suppose 10*l = 427 + 593. List the prime factors of l.
2, 3, 17
Let m = -10 - -22. Let f = 26 - m. List the prime factors of f.
2, 7
Let c(y) = y**2 + 2*y - 11. What are the prime factors of c(-7)?
2, 3
Suppose 0 = 2*z - 5*z + 36. Suppose a - z = 4*d